{"id":11,"date":"2025-05-22T07:33:25","date_gmt":"2025-05-22T07:33:25","guid":{"rendered":"https:\/\/javierlavadero.com\/?page_id=11"},"modified":"2025-05-22T07:39:02","modified_gmt":"2025-05-22T07:39:02","slug":"conocenos","status":"publish","type":"page","link":"https:\/\/javierlavadero.com\/index.php\/conocenos\/","title":{"rendered":"Con\u00f3cenos"},"content":{"rendered":"<p>[et_pb_section fb_built=\u00bb1&#8243; disabled_on=\u00bbon|on|off\u00bb admin_label=\u00bbsection\u00bb _builder_version=\u00bb4.27.4&#8243; background_image=\u00bbhttp:\/\/javierlavadero.com\/wp-content\/uploads\/2025\/05\/9.png\u00bb custom_padding=\u00bb15%||15%||true|false\u00bb global_colors_info=\u00bb{}\u00bb theme_builder_area=\u00bbpost_content\u00bb][\/et_pb_section][et_pb_section fb_built=\u00bb1&#8243; _builder_version=\u00bb4.27.4&#8243; _module_preset=\u00bbdefault\u00bb global_colors_info=\u00bb{}\u00bb theme_builder_area=\u00bbpost_content\u00bb][et_pb_row _builder_version=\u00bb4.27.4&#8243; _module_preset=\u00bbdefault\u00bb global_colors_info=\u00bb{}\u00bb theme_builder_area=\u00bbpost_content\u00bb][et_pb_column type=\u00bb4_4&#8243; _builder_version=\u00bb4.27.4&#8243; _module_preset=\u00bbdefault\u00bb global_colors_info=\u00bb{}\u00bb theme_builder_area=\u00bbpost_content\u00bb][et_pb_text _builder_version=\u00bb4.27.4&#8243; _module_preset=\u00bbdefault\u00bb text_font=\u00bb|600|||||||\u00bb text_text_color=\u00bb#000000&#8243; header_font=\u00bb|600|||||||\u00bb header_text_align=\u00bbcenter\u00bb header_line_height=\u00bb2em\u00bb header_2_font=\u00bb|600|||||||\u00bb header_2_text_color=\u00bb#000000&#8243; header_2_line_height=\u00bb2em\u00bb header_3_font=\u00bb|600|||||||\u00bb header_3_text_color=\u00bb#000000&#8243; header_3_font_size=\u00bb14px\u00bb header_3_line_height=\u00bb1.5em\u00bb global_colors_info=\u00bb{}\u00bb theme_builder_area=\u00bbpost_content\u00bb]<\/p>\n<h1 data-start=\"0\" data-end=\"87\" class=\"\"><strong data-start=\"2\" data-end=\"87\">Con\u00f3cenos<\/strong><\/h1>\n<h2 data-start=\"0\" data-end=\"87\"><strong data-start=\"2\" data-end=\"87\">Javier Lavadero, especialistas en limpieza de veh\u00edculos en Torrevieja<\/strong><\/h2>\n<p data-start=\"89\" data-end=\"495\" class=\"\">En <strong data-start=\"92\" data-end=\"111\">Javier Lavadero<\/strong>, ofrecemos un servicio profesional de <strong data-start=\"150\" data-end=\"195\">lavado y limpieza de coches en Torrevieja<\/strong>, con un enfoque basado en la calidad, la atenci\u00f3n al detalle y la satisfacci\u00f3n del cliente. Ubicados en <strong data-start=\"300\" data-end=\"361\">Calle Patricio Zammit, N\u00ba 28, 03181 Torrevieja (Alicante)<\/strong>, nos hemos consolidado como un referente local en el cuidado del veh\u00edculo, gracias a nuestra experiencia, compromiso y trato cercano.<\/p>\n<p data-start=\"497\" data-end=\"815\" class=\"\">Trabajamos con productos de alta gama y t\u00e9cnicas especializadas que garantizan un resultado impecable, respetando la carrocer\u00eda, el interior y los acabados de cada autom\u00f3vil. Nuestro objetivo es que cada cliente reciba un servicio completo, adaptado a sus necesidades y con resultados visibles desde el primer momento.<\/p>\n<h2 data-start=\"817\" data-end=\"841\"><strong data-start=\"820\" data-end=\"841\">Nuestra filosof\u00eda<\/strong><\/h2>\n<p data-start=\"843\" data-end=\"1211\" class=\"\">Desde nuestros inicios, hemos apostado por una forma de trabajar basada en la profesionalidad y la confianza. Sabemos que el coche es una parte importante del d\u00eda a d\u00eda, por eso lo tratamos con el m\u00e1ximo cuidado y dedicaci\u00f3n. En <strong data-start=\"1072\" data-end=\"1091\">Javier Lavadero<\/strong>, cada veh\u00edculo recibe un tratamiento personalizado para que recupere su mejor aspecto, tanto por dentro como por fuera.<\/p>\n<p data-start=\"1213\" data-end=\"1364\" class=\"\">La atenci\u00f3n directa, el uso de productos espec\u00edficos y la experiencia de nuestro equipo nos permiten ofrecer acabados de alta calidad en cada servicio.<\/p>\n<h2 data-start=\"1366\" data-end=\"1386\"><strong data-start=\"1369\" data-end=\"1386\">Qu\u00e9 ofrecemos<\/strong><\/h2>\n<p data-start=\"1388\" data-end=\"1522\" class=\"\">En <strong data-start=\"1391\" data-end=\"1410\">Javier Lavadero<\/strong>, contamos con una gama completa de servicios para mantener tu coche limpio, cuidado y en perfectas condiciones:<\/p>\n<h3 data-start=\"1526\" data-end=\"1595\">Lavado exterior manual con productos no agresivos y acabado brillante<\/h3>\n<h3 data-start=\"1598\" data-end=\"1687\">Limpieza interior completa con aspirado, cristales, salpicadero y zonas de dif\u00edcil acceso<\/h3>\n<h3 data-start=\"1690\" data-end=\"1759\">Pulido y abrillantado de carrocer\u00eda para recuperar el brillo original<\/h3>\n<h3 data-start=\"1762\" data-end=\"1841\">Limpieza de tapicer\u00edas, tanto en tela como en cuero, con eliminaci\u00f3n de manchas<\/h3>\n<h3 data-start=\"1844\" data-end=\"1891\">Lavado seguro de motor con t\u00e9cnicas espec\u00edficas<\/h3>\n<h3 data-start=\"1894\" data-end=\"1940\">Limpieza detallada de llantas y pasos de rueda<\/h3>\n<h2 data-start=\"1942\" data-end=\"1965\"><strong data-start=\"1945\" data-end=\"1965\">D\u00f3nde trabajamos<\/strong><\/h2>\n<p data-start=\"1967\" data-end=\"2231\" class=\"\">Estamos ubicados en el centro de <strong data-start=\"2000\" data-end=\"2014\">Torrevieja<\/strong>, en una zona de f\u00e1cil acceso para conductores de toda la ciudad y de localidades cercanas como <strong data-start=\"2110\" data-end=\"2160\">Orihuela Costa, La Mata y Guardamar del Segura<\/strong>. Ofrecemos servicios r\u00e1pidos y eficaces, sin necesidad de cita previa.<\/p>\n<h2 data-start=\"2233\" data-end=\"2278\"><strong data-start=\"2236\" data-end=\"2278\">Compromiso con la calidad y el cliente<\/strong><\/h2>\n<p data-start=\"2280\" data-end=\"2625\" class=\"\">En <strong data-start=\"2283\" data-end=\"2302\">Javier Lavadero<\/strong>, cada veh\u00edculo es tratado como si fuera propio. Nos comprometemos a entregar resultados visibles, cuidando cada detalle del proceso y asegurando la m\u00e1xima calidad en cada intervenci\u00f3n. Nuestro equipo est\u00e1 formado por profesionales con experiencia que conocen las mejores t\u00e9cnicas para mantener tu coche en perfecto estado.<\/p>\n<p data-start=\"2627\" data-end=\"2839\" class=\"\">Si est\u00e1s buscando un <strong data-start=\"2648\" data-end=\"2684\">lavadero de coches en Torrevieja<\/strong> que ofrezca un servicio completo, serio y con resultados de calidad, te invitamos a conocernos. Estamos aqu\u00ed para cuidar de tu veh\u00edculo como t\u00fa lo har\u00edas.<\/p>\n<p>[\/et_pb_text][\/et_pb_column][\/et_pb_row][et_pb_row _builder_version=\u00bb4.27.4&#8243; _module_preset=\u00bbdefault\u00bb global_colors_info=\u00bb{}\u00bb theme_builder_area=\u00bbpost_content\u00bb][et_pb_column type=\u00bb4_4&#8243; _builder_version=\u00bb4.27.4&#8243; _module_preset=\u00bbdefault\u00bb global_colors_info=\u00bb{}\u00bb theme_builder_area=\u00bbpost_content\u00bb][et_pb_image src=\u00bbhttp:\/\/javierlavadero.com\/wp-content\/uploads\/2025\/05\/5.png\u00bb alt=\u00bblavado perfecto de coches\u00bb title_text=\u00bblavado perfecto de coches en javier lavados\u00bb _builder_version=\u00bb4.27.4&#8243; _module_preset=\u00bbdefault\u00bb global_colors_info=\u00bb{}\u00bb theme_builder_area=\u00bbpost_content\u00bb][\/et_pb_image][\/et_pb_column][\/et_pb_row][\/et_pb_section]<\/p>\n","protected":false},"excerpt":{"rendered":"<p>Con\u00f3cenos Javier Lavadero, especialistas en limpieza de veh\u00edculos en Torrevieja En Javier Lavadero, ofrecemos un servicio profesional de lavado y limpieza de coches en Torrevieja, con un enfoque basado en la calidad, la atenci\u00f3n al detalle y la satisfacci\u00f3n del cliente. Ubicados en Calle Patricio Zammit, N\u00ba 28, 03181 Torrevieja (Alicante), nos hemos consolidado como [&hellip;]<\/p>\n","protected":false},"author":1,"featured_media":0,"parent":0,"menu_order":0,"comment_status":"closed","ping_status":"closed","template":"","meta":{"_et_pb_use_builder":"on","_et_pb_old_content":"","_et_gb_content_width":"","footnotes":""},"class_list":["post-11","page","type-page","status-publish","hentry"],"_links":{"self":[{"href":"https:\/\/javierlavadero.com\/index.php\/wp-json\/wp\/v2\/pages\/11","targetHints":{"allow":["GET"]}}],"collection":[{"href":"https:\/\/javierlavadero.com\/index.php\/wp-json\/wp\/v2\/pages"}],"about":[{"href":"https:\/\/javierlavadero.com\/index.php\/wp-json\/wp\/v2\/types\/page"}],"author":[{"embeddable":true,"href":"https:\/\/javierlavadero.com\/index.php\/wp-json\/wp\/v2\/users\/1"}],"replies":[{"embeddable":true,"href":"https:\/\/javierlavadero.com\/index.php\/wp-json\/wp\/v2\/comments?post=11"}],"version-history":[{"count":3,"href":"https:\/\/javierlavadero.com\/index.php\/wp-json\/wp\/v2\/pages\/11\/revisions"}],"predecessor-version":[{"id":23,"href":"https:\/\/javierlavadero.com\/index.php\/wp-json\/wp\/v2\/pages\/11\/revisions\/23"}],"wp:attachment":[{"href":"https:\/\/javierlavadero.com\/index.php\/wp-json\/wp\/v2\/media?parent=11"}],"curies":[{"name":"wp","href":"https:\/\/api.w.org\/{rel}","templated":true}]}}