{"id":8,"date":"2025-05-22T07:33:14","date_gmt":"2025-05-22T07:33:14","guid":{"rendered":"https:\/\/javierlavadero.com\/?page_id=8"},"modified":"2025-05-22T07:49:53","modified_gmt":"2025-05-22T07:49:53","slug":"inicio","status":"publish","type":"page","link":"https:\/\/javierlavadero.com\/","title":{"rendered":"Inicio"},"content":{"rendered":"<p>[et_pb_section fb_built=\u00bb1&#8243; disabled_on=\u00bbon|on|off\u00bb admin_label=\u00bbsection\u00bb _builder_version=\u00bb4.27.4&#8243; background_image=\u00bbhttp:\/\/javierlavadero.com\/wp-content\/uploads\/2025\/05\/6.png\u00bb custom_padding=\u00bb15%||15%||true|false\u00bb global_colors_info=\u00bb{}\u00bb][\/et_pb_section][et_pb_section fb_built=\u00bb1&#8243; _builder_version=\u00bb4.27.4&#8243; _module_preset=\u00bbdefault\u00bb global_colors_info=\u00bb{}\u00bb][et_pb_row _builder_version=\u00bb4.27.4&#8243; _module_preset=\u00bbdefault\u00bb global_colors_info=\u00bb{}\u00bb][et_pb_column type=\u00bb4_4&#8243; _builder_version=\u00bb4.27.4&#8243; _module_preset=\u00bbdefault\u00bb global_colors_info=\u00bb{}\u00bb][et_pb_text _builder_version=\u00bb4.27.4&#8243; _module_preset=\u00bbdefault\u00bb text_font=\u00bb|600|||||||\u00bb text_text_color=\u00bb#000000&#8243; header_font=\u00bb|600|||||||\u00bb header_text_align=\u00bbcenter\u00bb header_line_height=\u00bb2em\u00bb header_2_font=\u00bb|600|||||||\u00bb header_2_text_color=\u00bb#000000&#8243; header_2_line_height=\u00bb2em\u00bb header_3_font=\u00bb|600|||||||\u00bb header_3_text_color=\u00bb#000000&#8243; header_3_font_size=\u00bb14px\u00bb header_3_line_height=\u00bb1.5em\u00bb global_colors_info=\u00bb{}\u00bb]<\/p>\n<h1 data-start=\"0\" data-end=\"77\" class=\"\"><strong data-start=\"2\" data-end=\"77\">Javier Lavadero<\/strong><\/h1>\n<h2 data-start=\"0\" data-end=\"77\"><strong data-start=\"2\" data-end=\"77\">Lavado de Coches Profesional en Torrevieja (Alicante)<\/strong><\/h2>\n<p data-start=\"79\" data-end=\"539\" class=\"\">En <strong data-start=\"82\" data-end=\"101\">Javier Lavadero<\/strong>, somos especialistas en el <strong data-start=\"129\" data-end=\"186\">lavado y limpieza integral de veh\u00edculos en Torrevieja<\/strong>, ofreciendo un servicio profesional, r\u00e1pido y de calidad. Nos encontramos en una ubicaci\u00f3n privilegiada, en <strong data-start=\"295\" data-end=\"356\">Calle Patricio Zammit, N\u00ba 28, 03181 Torrevieja (Alicante)<\/strong>, y nos hemos consolidado como uno de los <strong data-start=\"398\" data-end=\"450\">lavaderos de coches mejor valorados en la ciudad<\/strong>, gracias a nuestra atenci\u00f3n al detalle, productos de primera y trato cercano al cliente.<\/p>\n<p data-start=\"541\" data-end=\"833\" class=\"\">Ofrecemos soluciones de limpieza adaptadas a cada veh\u00edculo, utilizando t\u00e9cnicas eficientes y respetuosas con el medio ambiente. Ya sea para un lavado exterior r\u00e1pido o una limpieza interior a fondo, en <strong data-start=\"743\" data-end=\"762\">Javier Lavadero<\/strong> garantizamos resultados impecables para que tu coche luzca como nuevo.<\/p>\n<p data-start=\"835\" data-end=\"1064\" class=\"\">\ud83d\udccd <strong data-start=\"838\" data-end=\"860\">Zona de actuaci\u00f3n:<\/strong> Atendemos a conductores de <strong data-start=\"888\" data-end=\"963\">Torrevieja, Orihuela Costa, La Mata, Guardamar del Segura y alrededores<\/strong>, siendo una opci\u00f3n de confianza para quienes buscan calidad y eficacia en el cuidado de su veh\u00edculo.<\/p>\n<h2 data-start=\"1066\" data-end=\"1116\"><strong data-start=\"1069\" data-end=\"1116\">Servicios de Lavado de Coches en Torrevieja<\/strong><\/h2>\n<h3 data-start=\"1118\" data-end=\"1253\">\ud83d\ude97 <strong data-start=\"1121\" data-end=\"1147\">Lavado exterior manual<\/strong><\/h3>\n<p data-start=\"1118\" data-end=\"1253\" class=\"\">Eliminamos la suciedad con productos no abrasivos, dejando la carrocer\u00eda limpia, brillante y protegida.<\/p>\n<h3 data-start=\"1255\" data-end=\"1389\">\ud83e\uddfc <strong data-start=\"1258\" data-end=\"1288\">Limpieza interior completa<\/strong><\/h3>\n<p data-start=\"1255\" data-end=\"1389\" class=\"\">Aspirado de tapicer\u00eda, alfombrillas, limpieza de salpicadero, cristales y zonas de dif\u00edcil acceso.<\/p>\n<h3 data-start=\"1391\" data-end=\"1537\">\ud83e\ude9e <strong data-start=\"1394\" data-end=\"1433\">Pulido y abrillantado de carrocer\u00eda<\/strong><\/h3>\n<p data-start=\"1391\" data-end=\"1537\" class=\"\">Recuperamos el brillo de la pintura con tratamientos especiales para eliminar marcas y microara\u00f1azos.<\/p>\n<h3 data-start=\"1539\" data-end=\"1659\">\ud83e\ude91 <strong data-start=\"1542\" data-end=\"1571\">Tratamiento de tapicer\u00edas<\/strong><\/h3>\n<p data-start=\"1539\" data-end=\"1659\" class=\"\">Limpieza profunda de asientos en tela o cuero, eliminaci\u00f3n de manchas y malos olores.<\/p>\n<h3 data-start=\"1661\" data-end=\"1778\">\ud83e\uddfd <strong data-start=\"1664\" data-end=\"1683\">Lavado de motor<\/strong><\/h3>\n<p data-start=\"1661\" data-end=\"1778\" class=\"\">Servicio seguro y profesional para dejar el motor limpio, sin residuos ni grasas acumuladas.<\/p>\n<h3 data-start=\"1780\" data-end=\"1926\">\ud83d\udede <strong data-start=\"1783\" data-end=\"1823\">Limpieza de llantas y pasos de rueda<\/strong><\/h3>\n<p data-start=\"1780\" data-end=\"1926\" class=\"\">Eliminamos residuos de frenado y suciedad incrustada para mantener la est\u00e9tica general del veh\u00edculo.<\/p>\n<h2 data-start=\"1928\" data-end=\"1965\"><strong data-start=\"1931\" data-end=\"1965\">Por qu\u00e9 elegir Javier Lavadero<\/strong><\/h2>\n<p data-start=\"1967\" data-end=\"2250\" class=\"\">\u2714 Atenci\u00f3n personalizada y acabados profesionales<\/p>\n<p data-start=\"1967\" data-end=\"2250\" class=\"\"><br data-start=\"2016\" data-end=\"2019\" \/>\u2714 Productos de limpieza de alta gama y respetuosos con tu coche<\/p>\n<p data-start=\"1967\" data-end=\"2250\" class=\"\"><br data-start=\"2082\" data-end=\"2085\" \/>\u2714 T\u00e9cnicas manuales que cuidan cada detalle<\/p>\n<p data-start=\"1967\" data-end=\"2250\" class=\"\"><br data-start=\"2128\" data-end=\"2131\" \/>\u2714 Ubicaci\u00f3n c\u00e9ntrica y de f\u00e1cil acceso en Torrevieja<\/p>\n<p data-start=\"1967\" data-end=\"2250\" class=\"\"><br data-start=\"2183\" data-end=\"2186\" \/>\u2714 Precios competitivos con excelente relaci\u00f3n calidad-servicio<\/p>\n<h2 data-start=\"2252\" data-end=\"2301\"><strong data-start=\"2255\" data-end=\"2301\">Solicita tu limpieza o ven sin cita previa<\/strong><\/h2>\n<p data-start=\"2303\" data-end=\"2511\" class=\"\">Si buscas un <strong data-start=\"2316\" data-end=\"2352\">lavadero de coches en Torrevieja<\/strong> con resultados garantizados, trato cercano y profesionales comprometidos, en <strong data-start=\"2430\" data-end=\"2449\">Javier Lavadero<\/strong> te ofrecemos un servicio eficaz y adaptado a tus necesidades.<\/p>\n<p data-start=\"2513\" data-end=\"2627\" class=\"\">\ud83d\udccd Vis\u00edtanos en <strong data-start=\"2529\" data-end=\"2590\">Calle Patricio Zammit, N\u00ba 28, 03181 Torrevieja (Alicante)<\/strong>. Tu veh\u00edculo en las mejores manos.<\/p>\n<p data-start=\"2629\" data-end=\"2708\" class=\"\"><strong data-start=\"2629\" data-end=\"2708\" data-is-last-node=\"\">Javier Lavadero, el cuidado que tu coche merece en el centro de Torrevieja.<\/strong><\/p>\n<p>[\/et_pb_text][\/et_pb_column][\/et_pb_row][et_pb_row _builder_version=\u00bb4.27.4&#8243; _module_preset=\u00bbdefault\u00bb global_colors_info=\u00bb{}\u00bb][et_pb_column type=\u00bb4_4&#8243; _builder_version=\u00bb4.27.4&#8243; _module_preset=\u00bbdefault\u00bb global_colors_info=\u00bb{}\u00bb][et_pb_image src=\u00bbhttp:\/\/javierlavadero.com\/wp-content\/uploads\/2025\/05\/8.png\u00bb alt=\u00bblimpieza coche javier lavadero\u00bb title_text=\u00bblimpieza de coche\u00bb _builder_version=\u00bb4.27.4&#8243; _module_preset=\u00bbdefault\u00bb global_colors_info=\u00bb{}\u00bb][\/et_pb_image][\/et_pb_column][\/et_pb_row][et_pb_row _builder_version=\u00bb4.27.4&#8243; _module_preset=\u00bbdefault\u00bb global_colors_info=\u00bb{}\u00bb][et_pb_column type=\u00bb4_4&#8243; _builder_version=\u00bb4.27.4&#8243; _module_preset=\u00bbdefault\u00bb global_colors_info=\u00bb{}\u00bb][et_pb_contact_form captcha=\u00bboff\u00bb email=\u00bbinfo@javierlavadero.com\u00bb title=\u00bbContacto\u00bb _builder_version=\u00bb4.27.4&#8243; _module_preset=\u00bbdefault\u00bb _unique_id=\u00bb5dc4f3ed-fbcb-4e4a-a071-1af7291e4d80&#8243; form_field_text_color=\u00bb#000000&#8243; form_field_focus_text_color=\u00bb#000000&#8243; title_level=\u00bbh3&#8243; form_field_text_align=\u00bbleft\u00bb custom_button=\u00bbon\u00bb button_text_color=\u00bb#000000&#8243; button_font=\u00bb|600|||||||\u00bb text_orientation=\u00bbcenter\u00bb global_colors_info=\u00bb{}\u00bb][et_pb_contact_field field_id=\u00bbName\u00bb field_title=\u00bbNombre\u00bb _builder_version=\u00bb4.16&#8243; global_colors_info=\u00bb{}\u00bb button_text_size__hover_enabled=\u00bboff\u00bb button_one_text_size__hover_enabled=\u00bboff\u00bb button_two_text_size__hover_enabled=\u00bboff\u00bb button_text_color__hover_enabled=\u00bboff\u00bb button_one_text_color__hover_enabled=\u00bboff\u00bb button_two_text_color__hover_enabled=\u00bboff\u00bb button_border_width__hover_enabled=\u00bboff\u00bb button_one_border_width__hover_enabled=\u00bboff\u00bb button_two_border_width__hover_enabled=\u00bboff\u00bb button_border_color__hover_enabled=\u00bboff\u00bb button_one_border_color__hover_enabled=\u00bboff\u00bb button_two_border_color__hover_enabled=\u00bboff\u00bb button_border_radius__hover_enabled=\u00bboff\u00bb button_one_border_radius__hover_enabled=\u00bboff\u00bb button_two_border_radius__hover_enabled=\u00bboff\u00bb button_letter_spacing__hover_enabled=\u00bboff\u00bb button_one_letter_spacing__hover_enabled=\u00bboff\u00bb button_two_letter_spacing__hover_enabled=\u00bboff\u00bb button_bg_color__hover_enabled=\u00bboff\u00bb button_one_bg_color__hover_enabled=\u00bboff\u00bb button_two_bg_color__hover_enabled=\u00bboff\u00bb][\/et_pb_contact_field][et_pb_contact_field field_id=\u00bbEmail\u00bb field_title=\u00bbDirecci\u00f3n de correo electr\u00f3nico\u00bb field_type=\u00bbemail\u00bb _builder_version=\u00bb4.16&#8243; global_colors_info=\u00bb{}\u00bb button_text_size__hover_enabled=\u00bboff\u00bb button_one_text_size__hover_enabled=\u00bboff\u00bb button_two_text_size__hover_enabled=\u00bboff\u00bb button_text_color__hover_enabled=\u00bboff\u00bb button_one_text_color__hover_enabled=\u00bboff\u00bb button_two_text_color__hover_enabled=\u00bboff\u00bb button_border_width__hover_enabled=\u00bboff\u00bb button_one_border_width__hover_enabled=\u00bboff\u00bb button_two_border_width__hover_enabled=\u00bboff\u00bb button_border_color__hover_enabled=\u00bboff\u00bb button_one_border_color__hover_enabled=\u00bboff\u00bb button_two_border_color__hover_enabled=\u00bboff\u00bb button_border_radius__hover_enabled=\u00bboff\u00bb button_one_border_radius__hover_enabled=\u00bboff\u00bb button_two_border_radius__hover_enabled=\u00bboff\u00bb button_letter_spacing__hover_enabled=\u00bboff\u00bb button_one_letter_spacing__hover_enabled=\u00bboff\u00bb button_two_letter_spacing__hover_enabled=\u00bboff\u00bb button_bg_color__hover_enabled=\u00bboff\u00bb button_one_bg_color__hover_enabled=\u00bboff\u00bb button_two_bg_color__hover_enabled=\u00bboff\u00bb][\/et_pb_contact_field][et_pb_contact_field field_id=\u00bbPhone\u00bb field_title=\u00bbTel\u00e9fono\u00bb fullwidth_field=\u00bbon\u00bb _builder_version=\u00bb4.27.4&#8243; _module_preset=\u00bbdefault\u00bb global_colors_info=\u00bb{}\u00bb][\/et_pb_contact_field][et_pb_contact_field field_id=\u00bbMessage\u00bb field_title=\u00bbMensaje\u00bb field_type=\u00bbtext\u00bb fullwidth_field=\u00bbon\u00bb _builder_version=\u00bb4.16&#8243; global_colors_info=\u00bb{}\u00bb button_text_size__hover_enabled=\u00bboff\u00bb button_one_text_size__hover_enabled=\u00bboff\u00bb button_two_text_size__hover_enabled=\u00bboff\u00bb button_text_color__hover_enabled=\u00bboff\u00bb button_one_text_color__hover_enabled=\u00bboff\u00bb button_two_text_color__hover_enabled=\u00bboff\u00bb button_border_width__hover_enabled=\u00bboff\u00bb button_one_border_width__hover_enabled=\u00bboff\u00bb button_two_border_width__hover_enabled=\u00bboff\u00bb button_border_color__hover_enabled=\u00bboff\u00bb button_one_border_color__hover_enabled=\u00bboff\u00bb button_two_border_color__hover_enabled=\u00bboff\u00bb button_border_radius__hover_enabled=\u00bboff\u00bb button_one_border_radius__hover_enabled=\u00bboff\u00bb button_two_border_radius__hover_enabled=\u00bboff\u00bb button_letter_spacing__hover_enabled=\u00bboff\u00bb button_one_letter_spacing__hover_enabled=\u00bboff\u00bb button_two_letter_spacing__hover_enabled=\u00bboff\u00bb button_bg_color__hover_enabled=\u00bboff\u00bb button_one_bg_color__hover_enabled=\u00bboff\u00bb button_two_bg_color__hover_enabled=\u00bboff\u00bb][\/et_pb_contact_field][et_pb_contact_field field_id=\u00bbVerificaci\u00f3n\u00bb field_title=\u00bbPol\u00edtica de privacidad\u00bb field_type=\u00bbcheckbox\u00bb checkbox_options=\u00bb%91{%22value%22:%22He le\u00eddo y acepto la pol\u00edtica de privacidad de datos%22,%22checked%22:0,%22dragID%22:-1}%93&#8243; fullwidth_field=\u00bbon\u00bb _builder_version=\u00bb4.27.4&#8243; _module_preset=\u00bbdefault\u00bb global_colors_info=\u00bb{}\u00bb][\/et_pb_contact_field][\/et_pb_contact_form][\/et_pb_column][\/et_pb_row][\/et_pb_section]<\/p>\n","protected":false},"excerpt":{"rendered":"<p>Javier Lavadero Lavado de Coches Profesional en Torrevieja (Alicante) En Javier Lavadero, somos especialistas en el lavado y limpieza integral de veh\u00edculos en Torrevieja, ofreciendo un servicio profesional, r\u00e1pido y de calidad. Nos encontramos en una ubicaci\u00f3n privilegiada, en Calle Patricio Zammit, N\u00ba 28, 03181 Torrevieja (Alicante), y nos hemos consolidado como uno de los [&hellip;]<\/p>\n","protected":false},"author":1,"featured_media":0,"parent":0,"menu_order":0,"comment_status":"closed","ping_status":"closed","template":"","meta":{"_et_pb_use_builder":"on","_et_pb_old_content":"","_et_gb_content_width":"","footnotes":""},"class_list":["post-8","page","type-page","status-publish","hentry"],"_links":{"self":[{"href":"https:\/\/javierlavadero.com\/index.php\/wp-json\/wp\/v2\/pages\/8","targetHints":{"allow":["GET"]}}],"collection":[{"href":"https:\/\/javierlavadero.com\/index.php\/wp-json\/wp\/v2\/pages"}],"about":[{"href":"https:\/\/javierlavadero.com\/index.php\/wp-json\/wp\/v2\/types\/page"}],"author":[{"embeddable":true,"href":"https:\/\/javierlavadero.com\/index.php\/wp-json\/wp\/v2\/users\/1"}],"replies":[{"embeddable":true,"href":"https:\/\/javierlavadero.com\/index.php\/wp-json\/wp\/v2\/comments?post=8"}],"version-history":[{"count":4,"href":"https:\/\/javierlavadero.com\/index.php\/wp-json\/wp\/v2\/pages\/8\/revisions"}],"predecessor-version":[{"id":41,"href":"https:\/\/javierlavadero.com\/index.php\/wp-json\/wp\/v2\/pages\/8\/revisions\/41"}],"wp:attachment":[{"href":"https:\/\/javierlavadero.com\/index.php\/wp-json\/wp\/v2\/media?parent=8"}],"curies":[{"name":"wp","href":"https:\/\/api.w.org\/{rel}","templated":true}]}}